emainder when 28 is divided by s?
13
Suppose 2*c = 2*q - 4, -c + 4 = -0*c. Suppose 4*f = 2*f + 3*i + 10, -2*i = -2*f + 12. What is the remainder when (-134)/(-6) + q/9 is divided by f?
7
Suppose 3*g = g + 8. Calculate the remainder when 4 is divided by g.
0
Let t(z) be the first derivative of z**3/3 + z**2 - 4*z + 2. Let d = 36 + -32. Calculate the remainder when t(d) is divided by 11.
9
Suppose -3*j + 10 - 1 = 0. What is the remainder when 8 is divided by j?
2
Suppose -2*f - 11 = 2*u - 111, -2*u - 6 = 0. Let v(b) = -b**2 + 1. Let n be v(-1). Suppose 4*q + q - 90 = n. Calculate the remainder when f is divided by q.
17
What is the remainder when (2 + -2 - 4)*111/(-6) is divided by 26?
22
Suppose 2*s + 0*s = 58. Let z = 5 + s. Suppose p - 3*p = -18. What is the remainder when z is divided by p?
7
Suppose 5*g = -4*u + 150, 0*g - 30 = -g - u. Calculate the remainder when g is divided by 16.
14
Suppose -2*i + 0*s + 35 = -s, -i + 4*s = 0. What is the remainder when 77 is divided by i?
17
What is the remainder when 25 is divided by 3/(-9)*(-3 - -54)*-1?
8
Suppose -4*i - 2*b = 4 - 36, -i = -b - 8. Calculate the remainder when 31 is divided by i.
7
Let i(v) = v**3 - 4*v**2 + 2*v + 3. Let o be i(3). Suppose o = -w + 2 + 2. What is the remainder when 7 is divided by w?
3
Suppose -m + 7 = -u, -2*m + 22 = -3*u + 8. Let x be 7/(m/6)*-13. What is the remainder when 16 is divided by 3/9 + x/(-9)?
7
Let d(j) = j**2 - j + 4. Let f be d(0). Let g(p) = -p**2 + 5*p - 1. What is the remainder when 5 is divided by g(f)?
2
Let r be (-6)/((-81)/30 + 3). Let w = r - -37. Suppose -z + 2 = -g - 2, -5*g + 34 = z. What is the remainder when w is divided by z?
8
Suppose 8*l - 299 - 117 = 0. What is the remainder when l is divided by 11?
8
Let u(l) = 2*l. Let y(w) = -w + w**2 + 2*w + 3 - 7. Calculate the remainder when u(1) is divided by y(-3).
0
Suppose -5*r = -4*j + 354 - 117, 0 = 5*j + 5*r - 240. What is the remainder when j is divided by 18?
17
Let j = 103 + -81. Calculate the remainder when 64 is divided by j.
20
What is the remainder when 2/20 - 18064/(-160) is divided by 29?
26
Let v(x) = -5*x**2 + 20*x + 8. Let r(i) = -9*i**2 + 39*i + 16. Let k(u) = -6*r(u) + 11*v(u). What is the remainder when 62 is divided by k(-12)?
14
Let b(t) = t**2 - t + 14. Let v(s) = -2*s - 2*s - 4 - 7 - 4*s. Calculate the remainder when v(-8) is divided by b(0).
11
Suppose 47 + 128 = 7*h. What is the remainder when 123 is divided by h?
23
Suppose 54 = 4*d + 2*d. What is the remainder when d is divided by 5?
4
Suppose 185 = 4*w - 447. Calculate the remainder when w is divided by 53.
52
Let m be ((1 - 3) + 2)/(-2). Suppose m*n + 3*n + 2*t = 38, -4*n + 36 = -t. Calculate the remainder when 39 is divided by n.
9
Let q be 1 - (-3)/(6/(-14)). Let d = 0 - q. Suppose 6*y + 4*n - 20 = y, -2*y + 8 = -4*n. Calculate the remainder when d is divided by y.
2
Let j(a) = -a**3 + 11*a**2 + 2*a - 10. Calculate the remainder when 23 is divided by j(11).
11
Let d = -7 + 7. Suppose d = -m + 5. What is the remainder when 12 is divided by m?
2
Let q(s) = -s**3 - 11*s**2 - 12*s + 4. Calculate the remainder when q(-10) is divided by 9.
6
Let o(w) = 3*w - 1. Let l(f) = 3*f**2 - 4*f. Calculate the remainder when l(4) is divided by o(6).
15
Suppose -11*t + 252 - 76 = 0. Suppose 5*k = -2*a + 222, 4*k + 5*a - 123 = 41. What is the remainder when k is divided by t?
14
Let i(b) be the third derivative of 11*b**6/120 + b**4/12 - b**3/6 - 7*b**2. What is the remainder when i(1) is divided by 5?
2
Calculate the remainder when (-264)/(-16)*4/6 is divided by (-30)/(-8) + (-3)/(-12).
3
Suppose 0 = 3*v + 15, p = 2*v - 8 + 49. What is the remainder when p is divided by 18?
13
Suppose 3*g + 6 = 5*j, -g - j = -2 - 4. Let l = g + 0. Suppose -4*x + s = -55, x + x - l*s - 15 = 0. What is the remainder when 43 is divided by x?
13
Let g be 26*1*1/(-2). Let n be -2 + (-6)/(-4)*14. Let l = g + n. What is the remainder when 17 is divided by l?
5
Let r be 0 - -1 - 6/3. Let m be 2 + -2 + 4 + 2. Let c = r + m. What is the remainder when 13 is divided by c?
3
Let n(f) = -9*f - 21. Calculate the remainder when 15 is divided by n(-3).
3
Let f = -6 - -11. What is the remainder when f is divided by 3?
2
Let p(b) = 8*b - 12. Calculate the remainder when p(8) is divided by 14.
10
Let g be -1 + 12/3 + 1. Suppose -3 = -5*k - g*m + 72, m = k - 15. Let l = -5 + k. Calculate the remainder when 19 is divided by l.
9
Let a(d) = -49*d - 1. Calculate the remainder when a(-1) is divided by 17.
14
Suppose 90 = 3*x - 8*x. Calculate the remainder when (20/(-6))/(12/x) is divided by (3/2)/((-2)/(-4)).
2
Suppose 18 = -b + 4*w, 0 = 3*b - 5*w + 3*w + 24. Let l(n) = n**3 + 7*n**2 + 6*n + 6. What is the remainder when 11 is divided by l(b)?
5
Suppose -2*r = -6*r + 64. What is the remainder when 75 is divided by r?
11
Let a be 0 + 0 - (5 - -1). What is the remainder when 27 is divided by (84/18)/((-4)/a)?
6
Let f(q) = 8*q**2 + 3*q - 3. Let c be f(2). Suppose -10 = i - c. What is the remainder when i is divided by 13?
12
Suppose -5*o = 2*k + k - 3, -3 = -k - o. Suppose 2*n - k = 12. What is the remainder when 24 is divided by n?
6
Suppose 0 = -2*g - 2*t + 76, -4*t + 5*t + 106 = 3*g. What is the remainder when g is divided by 10?
6
Let l(w) = w**2 - w + 60. Calculate the remainder when l(0) is divided by 21.
18
Suppose -2*p - y = -105, 7*y = p + 3*y - 48. Calculate the remainder when p is divided by 11.
8
Suppose 10 = -10*j + 5*j. Calculate the remainder when 330/9 - j/6 is divided by 10.
7
Suppose 140 = 2*o + 20. Suppose -6*b = -2*b - o. Calculate the remainder when 72 is divided by b.
12
Suppose -w = -g + 240, -3*g - 2*w = 3*w - 696. Calculate the remainder when g is divided by 17.
16
Let o be (1 - 2)*(0 - 0). Suppose 10 = 5*g, -3*x + o*x + 108 = 3*g. What is the remainder when x is divided by 18?
16
Suppose -5*b - b = -150. What is the remainder when 48 is divided by b?
23
Suppose u + 3 = 2*u. Let d be 9/(-7) + 6/21. Calculate the remainder when 21/9*(-3)/d is divided by u.
1
What is the remainder when 9 is divided by 1 + 1 + -5 + 7?
1
Let u(q) = q + 19. Let n be u(-11). Let p = n + -1. Calculate the remainder when p is divided by 2.
1
Suppose 59 = 6*l - 5*l. Calculate the remainder when l is divided by 31.
28
Suppose 2*b - 13 - 1 = 0. Suppose 4*q - u - 2*u = 20, -2*q + 8 = -u. Suppose -58 - q = -3*n. What is the remainder when n is divided by b?
6
Suppose 0 = -4*m + 3*m + 58. Calculate the remainder when m is divided by 31.
27
Let h = -49 - -132. Suppose -48 - 57 = -5*k. Calculate the remainder when h is divided by k.
20
Suppose 4*y = 3*y + 16. Let b = y + -7. Suppose -1 = z + m - b, 2*z - 3*m - 41 = 0. Calculate the remainder when 25 is divided by z.
12
Let b = -17 - -24. Calculate the remainder when b is divided by 4.
3
Let o = 24 + 73. Calculate the remainder when o is divided by 25.
22
Let h = -3 - -4. Suppose -p + 3 = 4. Calculate the remainder when h is divided by 0 + 1/p + 2.
0
Suppose -5*p = -0*p - 465. What is the remainder when p is divided by (3/(-3))/((-3)/72)?
21
Suppose 70 = -0*a - 3*a + 4*k, 2*a = -2*k - 28. Let l = -1 - a. What is the remainder when 33 is divided by l?
16
Let o be 4 - (5 + 9/(-3)). Suppose 2*b - 3*b + 16 = -d, 0 = b - o*d - 20. Calculate the remainder when 34 is divided by b.
10
Suppose -5*u - 8 = -4*b, u + u - 4 = -2*b. Let z be (u - 1)*3/3. Calculate the remainder when z/2 + (-85)/(-10) is divided by 5.
3
Suppose -3*a - 3*n = -60, 3*a = 3*n + 72 - 12. Calculate the remainder when 157 is divided by a.
17
Suppose j - 3*h - 7 = 0, -4*j = -h - h - 58. Suppose 0*u = -4*u - 64. What is the remainder when ((-23)/(-4))/((-2)/u) is divided by j?
14
Suppose 2*u - 5*g = -4*g - 40, 2*u + 2*g = -28. What is the remainder when (-30)/4*48/u is divided by 7?
6
Suppose j + 1 = 5. Suppose j*l + 0*d - 72 = 4*d, d = 3*l - 58. Calculate the remainder when 58 is divided by l.
18
Suppose a - 4*i - 31 - 7 = 0, -5*a + 278 = 2*i. Suppose -3*c = 3*n - 51, 2*n + 32 = 5*c + 80. What is the remainder when a is divided by n?
16
Let p(f) = f**3 - 3*f**2 + 4*f + 3. Calculate the remainder when p(5) is divided by 15.
13
Let v = -50 + 12. Let p = -19 - v. What is the remainder when p is divided by 7?
5
Suppose -4*v + 2 = 4*j - 6*v, -5*j = 5*v - 25. Suppose 5*z = 